 522.
18
Calculate the highest common factor of 5 and 5.
5
Calculate the greatest common divisor of 2869 and 57.
19
Calculate the greatest common factor of 54 and 189.
27
What is the highest common divisor of 5380 and 140?
20
What is the highest common divisor of 369 and 41?
41
What is the highest common divisor of 14 and 478?
2
What is the greatest common divisor of 408 and 24?
24
What is the highest common factor of 3895 and 285?
95
Calculate the highest common divisor of 455 and 35.
35
Calculate the greatest common factor of 493 and 29.
29
Calculate the greatest common divisor of 6 and 15459.
3
What is the highest common factor of 1081 and 23?
23
What is the highest common factor of 40 and 415?
5
Calculate the greatest common factor of 125 and 20750.
125
What is the highest common factor of 72 and 108?
36
What is the greatest common factor of 728 and 1183?
91
What is the highest common factor of 12 and 644?
4
Calculate the greatest common divisor of 57 and 36.
3
Calculate the highest common divisor of 133 and 14.
7
What is the greatest common factor of 141 and 47?
47
What is the greatest common factor of 110 and 1056?
22
Calculate the greatest common divisor of 80 and 560.
80
Calculate the highest common factor of 299 and 52.
13
Calculate the greatest common factor of 10 and 25.
5
Calculate the highest common divisor of 40635 and 270.
135
Calculate the greatest common factor of 245 and 42.
7
Calculate the greatest common factor of 637 and 559.
13
What is the greatest common divisor of 17 and 493?
17
Calculate the greatest common divisor of 14 and 53711.
7
What is the greatest common divisor of 678 and 12?
6
Calculate the greatest common factor of 105 and 140.
35
Calculate the greatest common factor of 15 and 12.
3
Calculate the greatest common factor of 6919 and 272.
17
Calculate the highest common divisor of 29 and 17603.
29
What is the greatest common factor of 20 and 35160?
20
Calculate the greatest common factor of 5 and 5.
5
What is the highest common divisor of 10488 and 414?
138
What is the highest common divisor of 9163 and 154?
77
Calculate the highest common divisor of 1375 and 11.
11
What is the greatest common factor of 90 and 2655?
45
What is the highest common factor of 72 and 888?
24
What is the greatest common divisor of 670 and 70?
10
Calculate the greatest common divisor of 1155 and 660.
165
Calculate the greatest common divisor of 42 and 9.
3
What is the greatest common factor of 697 and 574?
41
What is the highest common factor of 55 and 33?
11
Calculate the greatest common factor of 22 and 32.
2
What is the greatest common factor of 4347 and 567?
189
What is the greatest common factor of 117 and 377?
13
What is the greatest common divisor of 40 and 328?
8
Calculate the highest common factor of 297 and 198.
99
Calculate the highest common factor of 3422 and 29.
29
Calculate the greatest common factor of 98 and 784.
98
Calculate the highest common factor of 1716 and 66.
66
What is the greatest common factor of 352 and 55?
11
What is the highest common factor of 1 and 2?
1
Calculate the greatest common factor of 65 and 285.
5
Calculate the greatest common factor of 4514 and 74.
74
Calculate the highest common divisor of 1102 and 232.
58
Calculate the highest common divisor of 14 and 686.
14
What is the highest common divisor of 77 and 14707?
77
Calculate the highest common factor of 7 and 175.
7
Calculate the greatest common factor of 8240 and 206.
206
What is the highest common divisor of 49 and 53312?
49
What is the highest common divisor of 29 and 870?
29
What is the greatest common divisor of 140 and 28?
28
Calculate the greatest common divisor of 285 and 15.
15
What is the highest common factor of 18 and 522?
18
What is the highest common factor of 581 and 63?
7
Calculate the highest common factor of 176 and 2728.
88
What is the greatest common divisor of 270 and 30?
30
Calculate the highest common factor of 568 and 536.
8
What is the highest common divisor of 176 and 31768?
88
What is the highest common factor of 50 and 10600?
50
Calculate the highest common divisor of 318 and 10070.
106
What is the highest common divisor of 295 and 15?
5
Calculate the greatest common divisor of 62 and 3782.
62
What is the highest common factor of 30 and 135?
15
What is the greatest common factor of 92 and 276?
92
Calculate the greatest common divisor of 72 and 248.
8
What is the greatest common divisor of 216 and 848?
8
What is the greatest common factor of 82 and 1312?
82
Calculate the greatest common divisor of 22948 and 4.
4
What is the greatest common factor of 558 and 124?
62
Calculate the greatest common divisor of 3 and 11.
1
What is the greatest common divisor of 12963 and 87?
87
What is the highest common divisor of 60 and 20?
20
Calculate the highest common divisor of 925 and 25.
25
Calculate the greatest common factor of 855 and 45.
45
Calculate the greatest common divisor of 3464 and 56.
8
What is the highest common factor of 6550 and 20?
10
Calculate the greatest common factor of 608 and 342.
38
What is the highest common divisor of 10 and 235?
5
What is the greatest common divisor of 5 and 23665?
5
Calculate the greatest common factor of 4380 and 9.
3
What is the highest common divisor of 125 and 50?
25
Calculate the highest common divisor of 6564 and 12.
12
Calculate the greatest common factor of 3 and 1371.
3
Calculate the highest common divisor of 12958 and 3344.
418
Calculate the highest common factor of 287 and 91.
7
What is the greatest common factor of 18 and 117?
9
Calculate the greatest common divisor of 35 and 434.
7
What is the highest common factor of 54 and 6?
6
What is the highest common divisor of 144 and 27?
9
Calculate the greatest common factor of 31 and 8.
1
Calculate the highest common divisor of 4 and 1134.
2
What is the highest common factor of 344 and 43?
43
Calculate the greatest common factor of 1100 and 55.
55
What is the highest common factor of 320 and 24?
8
Calculate the greatest common divisor of 168 and 64.
8
Calculate the highest common divisor of 26 and 247.
13
Calculate the highest common factor of 630 and 9072.
126
What is the highest common divisor of 28785 and 15?
15
Calculate the highest common factor of 8 and 2.
2
What is the greatest common divisor of 1675 and 67?
67
Calculate the greatest common divisor of 300 and 2220.
60
Calculate the highest common factor of 20 and 50.
10
What is the highest common factor of 1690 and 190?
10
Calculate the greatest common divisor of 7 and 21.
7
Calculate the highest common factor of 1035 and 135.
45
What is the greatest common factor of 40 and 7672?
8
Calculate the highest common divisor of 5360 and 80.
80
What is the greatest common divisor of 167 and 13193?
167
Calculate the greatest common divisor of 19526 and 104.
26
What is the greatest common factor of 110 and 3542?
22
Calculate the highest common divisor of 5735 and 620.
155
What is the highest common divisor of 3920 and 196?
196
What is the greatest common divisor of 141 and 47?
47
Calculate the highest common divisor of 2646 and 54.
54
What is the greatest common factor of 76 and 494?
38
What is the greatest common divisor of 1547 and 364?
91
What is the greatest common factor of 213 and 3?
3
Calculate the greatest common divisor of 256 and 12.
4
Calculate the greatest common factor of 1 and 29.
1
Calculate the highest common factor of 938 and 402.
134
Calculate the highest common divisor of 43 and 36679.
43
What is the greatest common divisor of 46682 and 68?
34
Calculate the greatest common divisor of 38 and 2014.
38
What is the highest common divisor of 1560 and 24?
24
Calculate the highest common divisor of 1158 and 9650.
386
Calculate the highest common factor of 5 and 350.
5
What is the highest common factor of 45 and 3690?
45
What is the highest common factor of 13806 and 472?
118
What is the greatest common factor of 1749 and 212?
53
Calculate the highest common divisor of 285 and 5016.
57
Calculate the highest common factor of 567 and 21.
21
What is the greatest common divisor of 375 and 90?
15
Calculate the highest common divisor of 5142 and 6.
6
What is the highest common divisor of 100 and 10?
10
What is the greatest common factor of 27 and 837?
27
Calculate the great